{"id":388,"date":"2026-02-25T09:26:52","date_gmt":"2026-02-25T09:26:52","guid":{"rendered":"https:\/\/ksuza.ba\/?page_id=388"},"modified":"2026-02-25T09:30:20","modified_gmt":"2026-02-25T09:30:20","slug":"historie","status":"publish","type":"page","link":"https:\/\/ksuza.ba\/index.php\/de\/historie\/","title":{"rendered":"Historijat"},"content":{"rendered":"\n<section id=\"hero-block_edbd6848957bf5859ba7ac27fffd1fab\" class=\"block-hero hero--height-medium hero--align-center\">\n            <div class=\"hero__background\" style=\"background-image: url(https:\/\/ksuza.ba\/wp-content\/uploads\/2026\/02\/P1010559.jpg);\">\n            <div class=\"hero__overlay\" style=\"opacity: 0.8;\"><\/div>\n        <\/div>\n    \n    <div class=\"hero__container\">\n        <div class=\"hero__content\">\n                            <span class=\"hero__label\">Die Geschichte des Vereins \u201eKraji\u0161ka suza&quot;<\/span>\n            \n            <h1 class=\"hero__title\">Unsere Geschichte<\/h1>\n\n                            <p class=\"hero__description\">Von bescheidenen Anf\u00e4ngen in schwierigen Nachkriegsverh\u00e4ltnissen bis hin zu einer stabilen humanit\u00e4ren Organisation, die seit Jahrzehnten Frauen, Kindern und \u00e4lteren Menschen Unterst\u00fctzung bietet \u2013 das ist die Geschichte von Kraji\u0161ka suza.<\/p>\n            \n                    <\/div>\n    <\/div>\n\n    <div class=\"hero__scroll-indicator\">\n        <svg width=\"24\" height=\"24\" viewBox=\"0 0 24 24\" fill=\"none\" xmlns=\"http:\/\/www.w3.org\/2000\/svg\">\n            <path d=\"M12 5V19\" stroke=\"currentColor\" stroke-width=\"2\" stroke-linecap=\"round\" stroke-linejoin=\"round\"\/>\n            <path d=\"M19 12L12 19L5 12\" stroke=\"currentColor\" stroke-width=\"2\" stroke-linecap=\"round\" stroke-linejoin=\"round\"\/>\n        <\/svg>\n    <\/div>\n<\/section>\n\n\n\n<section id=\"about-block_0721021fcb2a7343bfff54c549f8cc4c\" class=\"block-about about--image-right about--bg-white\">\n    <div class=\"about__container\">\n        <div class=\"about__grid\">\n            <div class=\"about__content\">\n                                    <span class=\"about__label\">Wie alles begann<\/span>\n                \n                                    <h2 class=\"about__title\">Enthusiasmus, Solidarit\u00e4t und die Bed\u00fcrfnisse der Gemeinschaft<\/h2>\n                \n                                    <div class=\"about__description\">\n                        <p class=\"font-claude-response-body break-words whitespace-pre-wrap leading-[1.7]\">Die Geschichte des Vereins Kraji\u0161ka suza beginnt im Jahr 1995, in einer Zeit, in der die lokale Gemeinschaft von Sanski Most dringend starke Unterst\u00fctzung und humanit\u00e4re Hilfe brauchte. Die Organisation wurde urspr\u00fcnglich als Verein der Frauen im Krieg \u201eKraji\u0161ka suza&#8221; gegr\u00fcndet, mit dem Ziel, Frauen und Familien zu helfen, die unter den Folgen des Krieges litten.<\/p>\n<p class=\"font-claude-response-body break-words whitespace-normal leading-[1.7]\">In den ersten Jahren unserer T\u00e4tigkeit verf\u00fcgten wir weder \u00fcber eigene R\u00e4umlichkeiten, Ausr\u00fcstung noch finanzielle Mittel. Was uns antrieb, war reiner Enthusiasmus, tiefe Solidarit\u00e4t und der starke Wunsch, genau jenen Menschen zu helfen, die die Unterst\u00fctzung am dringendsten ben\u00f6tigten. Durch ehrenamtliches Engagement und die Solidarit\u00e4t der Gemeinschaft begannen wir, psychosoziale und humanit\u00e4re Hilfe zu leisten.<\/p>\n                    <\/div>\n                \n                                    <ul class=\"about__features\">\n                                                    <li class=\"about__feature\">\n                                <span class=\"about__feature-icon\">\n                                    <svg width=\"20\" height=\"20\" viewBox=\"0 0 24 24\" fill=\"none\" xmlns=\"http:\/\/www.w3.org\/2000\/svg\">\n                                        <path d=\"M20 6L9 17L4 12\" stroke=\"currentColor\" stroke-width=\"2\" stroke-linecap=\"round\" stroke-linejoin=\"round\"\/>\n                                    <\/svg>\n                                <\/span>\n                                <span class=\"about__feature-text\">1995: Gr\u00fcndung des Vereins der Frauen im Krieg \u201eKraji\u0161ka suza&quot;<\/span>\n                            <\/li>\n                                                    <li class=\"about__feature\">\n                                <span class=\"about__feature-icon\">\n                                    <svg width=\"20\" height=\"20\" viewBox=\"0 0 24 24\" fill=\"none\" xmlns=\"http:\/\/www.w3.org\/2000\/svg\">\n                                        <path d=\"M20 6L9 17L4 12\" stroke=\"currentColor\" stroke-width=\"2\" stroke-linecap=\"round\" stroke-linejoin=\"round\"\/>\n                                    <\/svg>\n                                <\/span>\n                                <span class=\"about__feature-text\">1996: Verlegung des Sitzes nach Sanski Most<\/span>\n                            <\/li>\n                                                    <li class=\"about__feature\">\n                                <span class=\"about__feature-icon\">\n                                    <svg width=\"20\" height=\"20\" viewBox=\"0 0 24 24\" fill=\"none\" xmlns=\"http:\/\/www.w3.org\/2000\/svg\">\n                                        <path d=\"M20 6L9 17L4 12\" stroke=\"currentColor\" stroke-width=\"2\" stroke-linecap=\"round\" stroke-linejoin=\"round\"\/>\n                                    <\/svg>\n                                <\/span>\n                                <span class=\"about__feature-text\">1998: Umwandlung \/ Neuregistrierung als humanit\u00e4re Organisation<\/span>\n                            <\/li>\n                                                    <li class=\"about__feature\">\n                                <span class=\"about__feature-icon\">\n                                    <svg width=\"20\" height=\"20\" viewBox=\"0 0 24 24\" fill=\"none\" xmlns=\"http:\/\/www.w3.org\/2000\/svg\">\n                                        <path d=\"M20 6L9 17L4 12\" stroke=\"currentColor\" stroke-width=\"2\" stroke-linecap=\"round\" stroke-linejoin=\"round\"\/>\n                                    <\/svg>\n                                <\/span>\n                                <span class=\"about__feature-text\">2002: Er\u00f6ffnung des Tageszentrums f\u00fcr \u00e4ltere Menschen<\/span>\n                            <\/li>\n                                                    <li class=\"about__feature\">\n                                <span class=\"about__feature-icon\">\n                                    <svg width=\"20\" height=\"20\" viewBox=\"0 0 24 24\" fill=\"none\" xmlns=\"http:\/\/www.w3.org\/2000\/svg\">\n                                        <path d=\"M20 6L9 17L4 12\" stroke=\"currentColor\" stroke-width=\"2\" stroke-linecap=\"round\" stroke-linejoin=\"round\"\/>\n                                    <\/svg>\n                                <\/span>\n                                <span class=\"about__feature-text\">2003\u20132004: Gr\u00fcndung des Zentrums f\u00fcr Kinder mit besonderen Bed\u00fcrfnissen<\/span>\n                            <\/li>\n                                                    <li class=\"about__feature\">\n                                <span class=\"about__feature-icon\">\n                                    <svg width=\"20\" height=\"20\" viewBox=\"0 0 24 24\" fill=\"none\" xmlns=\"http:\/\/www.w3.org\/2000\/svg\">\n                                        <path d=\"M20 6L9 17L4 12\" stroke=\"currentColor\" stroke-width=\"2\" stroke-linecap=\"round\" stroke-linejoin=\"round\"\/>\n                                    <\/svg>\n                                <\/span>\n                                <span class=\"about__feature-text\">Heute: Kontinuierliche Arbeit und st\u00e4ndige Weiterentwicklung von Programmen f\u00fcr Frauen, Kinder und \u00e4ltere Menschen<\/span>\n                            <\/li>\n                                            <\/ul>\n                \n                            <\/div>\n\n                            <div class=\"about__image-wrapper\">\n                    <div class=\"about__image-container\">\n                        <img decoding=\"async\" src=\"https:\/\/ksuza.ba\/wp-content\/uploads\/2026\/02\/edukacija2.jpg\" alt=\"edukacija\" class=\"about__image\" loading=\"lazy\">\n                        <div class=\"about__image-decoration\"><\/div>\n                    <\/div>\n                <\/div>\n                    <\/div>\n    <\/div>\n<\/section>\n\n\n\n<section id=\"statistics-block_05b6cadedbda255edda36cabd341792e\" class=\"block-statistics statistics--bg-light statistics--cols-4\">\n    \n    <div class=\"statistics__container\">\n                    <div class=\"statistics__header\">\n                                    <span class=\"statistics__label\">Unsere Wirkung<\/span>\n                \n                                    <h2 class=\"statistics__title\">Zahlen, die mehr sagen als Worte<\/h2>\n                \n                            <\/div>\n        \n                    <div class=\"statistics__grid\">\n                                    <div class=\"statistics__item\">\n                        <div class=\"statistics__item-number\" data-count=\"31\">\n                            31                                                            <span class=\"statistics__item-suffix\">+<\/span>\n                                                    <\/div>\n                        <div class=\"statistics__item-label\">Jahre ununterbrochener Arbeit<\/div>\n                                            <\/div>\n                                    <div class=\"statistics__item\">\n                        <div class=\"statistics__item-number\" data-count=\"400\">\n                            400                                                            <span class=\"statistics__item-suffix\">+<\/span>\n                                                    <\/div>\n                        <div class=\"statistics__item-label\">aktive Mitglieder<\/div>\n                                            <\/div>\n                                    <div class=\"statistics__item\">\n                        <div class=\"statistics__item-number\" data-count=\"50\">\n                            50                                                            <span class=\"statistics__item-suffix\">+<\/span>\n                                                    <\/div>\n                        <div class=\"statistics__item-label\">umgesetzte Projekte<\/div>\n                                            <\/div>\n                                    <div class=\"statistics__item\">\n                        <div class=\"statistics__item-number\" data-count=\"2000\">\n                            2000                                                            <span class=\"statistics__item-suffix\">+<\/span>\n                                                    <\/div>\n                        <div class=\"statistics__item-label\">zufriedene Beg\u00fcnstigte<\/div>\n                                            <\/div>\n                            <\/div>\n            <\/div>\n<\/section>\n","protected":false},"excerpt":{"rendered":"","protected":false},"author":1,"featured_media":0,"parent":0,"menu_order":0,"comment_status":"closed","ping_status":"closed","template":"","meta":{"_acf_changed":false,"footnotes":""},"class_list":["post-388","page","type-page","status-publish","hentry"],"acf":[],"yoast_head":"<!-- This site is optimized with the Yoast SEO plugin v26.9 - https:\/\/yoast.com\/product\/yoast-seo-wordpress\/ -->\n<title>Kraji\u0161ka suza - Od skromnih po\u010detaka 2008. do danas<\/title>\n<meta name=\"description\" content=\"Od skromnih po\u010detaka 2008. do danas - pro\u010ditajte pri\u010du o nastanku i razvoju humanitarne organizacije Kraji\u0161ka suza iz Sanskog Mosta.\" \/>\n<meta name=\"robots\" content=\"index, follow, max-snippet:-1, max-image-preview:large, max-video-preview:-1\" \/>\n<link rel=\"canonical\" href=\"https:\/\/ksuza.ba\/index.php\/de\/historie\/\" \/>\n<meta property=\"og:locale\" content=\"bs_BA\" \/>\n<meta property=\"og:type\" content=\"article\" \/>\n<meta property=\"og:title\" content=\"Kraji\u0161ka suza - Od skromnih po\u010detaka 2008. do danas\" \/>\n<meta property=\"og:description\" content=\"Od skromnih po\u010detaka 2008. do danas - pro\u010ditajte pri\u010du o nastanku i razvoju humanitarne organizacije Kraji\u0161ka suza iz Sanskog Mosta.\" \/>\n<meta property=\"og:url\" content=\"https:\/\/ksuza.ba\/index.php\/de\/historie\/\" \/>\n<meta property=\"og:site_name\" content=\"Kraji\u0161ka suza\" \/>\n<meta property=\"article:modified_time\" content=\"2026-02-25T09:30:20+00:00\" \/>\n<meta name=\"twitter:card\" content=\"summary_large_image\" \/>\n<script type=\"application\/ld+json\" class=\"yoast-schema-graph\">{\"@context\":\"https:\/\/schema.org\",\"@graph\":[{\"@type\":\"WebPage\",\"@id\":\"https:\/\/ksuza.ba\/index.php\/de\/historie\/\",\"url\":\"https:\/\/ksuza.ba\/index.php\/de\/historie\/\",\"name\":\"Kraji\u0161ka suza - Od skromnih po\u010detaka 2008. do danas\",\"isPartOf\":{\"@id\":\"https:\/\/ksuza.ba\/#website\"},\"datePublished\":\"2026-02-25T09:26:52+00:00\",\"dateModified\":\"2026-02-25T09:30:20+00:00\",\"description\":\"Od skromnih po\u010detaka 2008. do danas - pro\u010ditajte pri\u010du o nastanku i razvoju humanitarne organizacije Kraji\u0161ka suza iz Sanskog Mosta.\",\"breadcrumb\":{\"@id\":\"https:\/\/ksuza.ba\/index.php\/de\/historie\/#breadcrumb\"},\"inLanguage\":\"bs-BA\",\"potentialAction\":[{\"@type\":\"ReadAction\",\"target\":[\"https:\/\/ksuza.ba\/index.php\/de\/historie\/\"]}]},{\"@type\":\"BreadcrumbList\",\"@id\":\"https:\/\/ksuza.ba\/index.php\/de\/historie\/#breadcrumb\",\"itemListElement\":[{\"@type\":\"ListItem\",\"position\":1,\"name\":\"Home\",\"item\":\"https:\/\/ksuza.ba\/\"},{\"@type\":\"ListItem\",\"position\":2,\"name\":\"Historijat\"}]},{\"@type\":\"WebSite\",\"@id\":\"https:\/\/ksuza.ba\/#website\",\"url\":\"https:\/\/ksuza.ba\/\",\"name\":\"Kraji\u0161ka suza\",\"description\":\"\",\"publisher\":{\"@id\":\"https:\/\/ksuza.ba\/#organization\"},\"potentialAction\":[{\"@type\":\"SearchAction\",\"target\":{\"@type\":\"EntryPoint\",\"urlTemplate\":\"https:\/\/ksuza.ba\/?s={search_term_string}\"},\"query-input\":{\"@type\":\"PropertyValueSpecification\",\"valueRequired\":true,\"valueName\":\"search_term_string\"}}],\"inLanguage\":\"bs-BA\"},{\"@type\":\"Organization\",\"@id\":\"https:\/\/ksuza.ba\/#organization\",\"name\":\"Kraji\u0161ka suza\",\"url\":\"https:\/\/ksuza.ba\/\",\"logo\":{\"@type\":\"ImageObject\",\"inLanguage\":\"bs-BA\",\"@id\":\"https:\/\/ksuza.ba\/#\/schema\/logo\/image\/\",\"url\":\"https:\/\/ksuza.ba\/wp-content\/uploads\/2026\/02\/beautiful-green-field-with-amazing-cloudy-white-sky-scaled.jpg\",\"contentUrl\":\"https:\/\/ksuza.ba\/wp-content\/uploads\/2026\/02\/beautiful-green-field-with-amazing-cloudy-white-sky-scaled.jpg\",\"width\":2560,\"height\":1713,\"caption\":\"Kraji\u0161ka suza\"},\"image\":{\"@id\":\"https:\/\/ksuza.ba\/#\/schema\/logo\/image\/\"}}]}<\/script>\n<!-- \/ Yoast SEO plugin. -->","yoast_head_json":{"title":"Kraji\u0161ka suza - Od skromnih po\u010detaka 2008. do danas","description":"Od skromnih po\u010detaka 2008. do danas - pro\u010ditajte pri\u010du o nastanku i razvoju humanitarne organizacije Kraji\u0161ka suza iz Sanskog Mosta.","robots":{"index":"index","follow":"follow","max-snippet":"max-snippet:-1","max-image-preview":"max-image-preview:large","max-video-preview":"max-video-preview:-1"},"canonical":"https:\/\/ksuza.ba\/index.php\/de\/historie\/","og_locale":"bs_BA","og_type":"article","og_title":"Kraji\u0161ka suza - Od skromnih po\u010detaka 2008. do danas","og_description":"Od skromnih po\u010detaka 2008. do danas - pro\u010ditajte pri\u010du o nastanku i razvoju humanitarne organizacije Kraji\u0161ka suza iz Sanskog Mosta.","og_url":"https:\/\/ksuza.ba\/index.php\/de\/historie\/","og_site_name":"Kraji\u0161ka suza","article_modified_time":"2026-02-25T09:30:20+00:00","twitter_card":"summary_large_image","schema":{"@context":"https:\/\/schema.org","@graph":[{"@type":"WebPage","@id":"https:\/\/ksuza.ba\/index.php\/de\/historie\/","url":"https:\/\/ksuza.ba\/index.php\/de\/historie\/","name":"Kraji\u0161ka suza - Od skromnih po\u010detaka 2008. do danas","isPartOf":{"@id":"https:\/\/ksuza.ba\/#website"},"datePublished":"2026-02-25T09:26:52+00:00","dateModified":"2026-02-25T09:30:20+00:00","description":"Od skromnih po\u010detaka 2008. do danas - pro\u010ditajte pri\u010du o nastanku i razvoju humanitarne organizacije Kraji\u0161ka suza iz Sanskog Mosta.","breadcrumb":{"@id":"https:\/\/ksuza.ba\/index.php\/de\/historie\/#breadcrumb"},"inLanguage":"bs-BA","potentialAction":[{"@type":"ReadAction","target":["https:\/\/ksuza.ba\/index.php\/de\/historie\/"]}]},{"@type":"BreadcrumbList","@id":"https:\/\/ksuza.ba\/index.php\/de\/historie\/#breadcrumb","itemListElement":[{"@type":"ListItem","position":1,"name":"Home","item":"https:\/\/ksuza.ba\/"},{"@type":"ListItem","position":2,"name":"Historijat"}]},{"@type":"WebSite","@id":"https:\/\/ksuza.ba\/#website","url":"https:\/\/ksuza.ba\/","name":"Kraji\u0161ka suza","description":"","publisher":{"@id":"https:\/\/ksuza.ba\/#organization"},"potentialAction":[{"@type":"SearchAction","target":{"@type":"EntryPoint","urlTemplate":"https:\/\/ksuza.ba\/?s={search_term_string}"},"query-input":{"@type":"PropertyValueSpecification","valueRequired":true,"valueName":"search_term_string"}}],"inLanguage":"bs-BA"},{"@type":"Organization","@id":"https:\/\/ksuza.ba\/#organization","name":"Kraji\u0161ka suza","url":"https:\/\/ksuza.ba\/","logo":{"@type":"ImageObject","inLanguage":"bs-BA","@id":"https:\/\/ksuza.ba\/#\/schema\/logo\/image\/","url":"https:\/\/ksuza.ba\/wp-content\/uploads\/2026\/02\/beautiful-green-field-with-amazing-cloudy-white-sky-scaled.jpg","contentUrl":"https:\/\/ksuza.ba\/wp-content\/uploads\/2026\/02\/beautiful-green-field-with-amazing-cloudy-white-sky-scaled.jpg","width":2560,"height":1713,"caption":"Kraji\u0161ka suza"},"image":{"@id":"https:\/\/ksuza.ba\/#\/schema\/logo\/image\/"}}]}},"_links":{"self":[{"href":"https:\/\/ksuza.ba\/index.php\/wp-json\/wp\/v2\/pages\/388","targetHints":{"allow":["GET"]}}],"collection":[{"href":"https:\/\/ksuza.ba\/index.php\/wp-json\/wp\/v2\/pages"}],"about":[{"href":"https:\/\/ksuza.ba\/index.php\/wp-json\/wp\/v2\/types\/page"}],"author":[{"embeddable":true,"href":"https:\/\/ksuza.ba\/index.php\/wp-json\/wp\/v2\/users\/1"}],"replies":[{"embeddable":true,"href":"https:\/\/ksuza.ba\/index.php\/wp-json\/wp\/v2\/comments?post=388"}],"version-history":[{"count":2,"href":"https:\/\/ksuza.ba\/index.php\/wp-json\/wp\/v2\/pages\/388\/revisions"}],"predecessor-version":[{"id":390,"href":"https:\/\/ksuza.ba\/index.php\/wp-json\/wp\/v2\/pages\/388\/revisions\/390"}],"wp:attachment":[{"href":"https:\/\/ksuza.ba\/index.php\/wp-json\/wp\/v2\/media?parent=388"}],"curies":[{"name":"wp","href":"https:\/\/api.w.org\/{rel}","templated":true}]}}