{"id":22,"date":"2026-02-02T07:32:50","date_gmt":"2026-02-02T07:32:50","guid":{"rendered":"https:\/\/ksuza.ba\/?page_id=22"},"modified":"2026-02-06T08:26:36","modified_gmt":"2026-02-06T08:26:36","slug":"kontakt","status":"publish","type":"page","link":"https:\/\/ksuza.ba\/index.php\/kontakt\/","title":{"rendered":"Kontakt"},"content":{"rendered":"\n<section id=\"hero-block_4a8dbd0cf416f31cf9df4690668e14e6\" class=\"block-hero hero--height-medium hero--align-center\">\n            <div class=\"hero__background\" style=\"background-image: url(https:\/\/ksuza.ba\/wp-content\/uploads\/2026\/02\/biznis_plan2.jpg);\">\n            <div class=\"hero__overlay\" style=\"opacity: 0.8;\"><\/div>\n        <\/div>\n    \n    <div class=\"hero__container\">\n        <div class=\"hero__content\">\n                            <span class=\"hero__label\">Pove\u017eimo se<\/span>\n            \n            <h1 class=\"hero__title\">Kontakt<\/h1>\n\n                            <p class=\"hero__description\">Imate pitanja, \u017eelite se uklju\u010diti u na\u0161 rad, pru\u017eiti podr\u0161ku ili prijaviti osobu kojoj je potrebna pomo\u0107? Udru\u017eenje Kraji\u0161ka suza vam stoji na raspolaganju. Slobodno nam se obratite putem telefona, e-maila ili nas posjetite li\u010dno u na\u0161im prostorijama.<\/p>\n            \n                    <\/div>\n    <\/div>\n\n    <div class=\"hero__scroll-indicator\">\n        <svg width=\"24\" height=\"24\" viewBox=\"0 0 24 24\" fill=\"none\" xmlns=\"http:\/\/www.w3.org\/2000\/svg\">\n            <path d=\"M12 5V19\" stroke=\"currentColor\" stroke-width=\"2\" stroke-linecap=\"round\" stroke-linejoin=\"round\"\/>\n            <path d=\"M19 12L12 19L5 12\" stroke=\"currentColor\" stroke-width=\"2\" stroke-linecap=\"round\" stroke-linejoin=\"round\"\/>\n        <\/svg>\n    <\/div>\n<\/section>\n\n\n\n<section id=\"contact-block_83ffc914325771f1c2c8fe8e1e3dfaa1\" class=\"block-contact contact--bg-light contact--layout-split\">\n    <div class=\"contact__container\">\n        <div class=\"contact__header\">\n                            <span class=\"contact__label\">Stupite u kontakt<\/span>\n            \n                            <h2 class=\"contact__title\">Vrata su vam uvijek otvorena<\/h2>\n            \n                            <p class=\"contact__description\">Bez obzira da li \u017eelite postati volonter, donator, partner, prijaviti novog korisnika ili se jednostavno informisati o aktivnostima i projektima koje realizujemo, rado \u0107emo vam pru\u017eiti sve potrebne informacije.<\/p>\n                    <\/div>\n\n        <div class=\"contact__grid\">\n            <div class=\"contact__info\">\n                <div class=\"contact__info-items\">\n                                            <div class=\"contact__info-item\">\n                            <div class=\"contact__info-icon\">\n                                <svg width=\"24\" height=\"24\" viewBox=\"0 0 24 24\" fill=\"none\" xmlns=\"http:\/\/www.w3.org\/2000\/svg\">\n                                    <path d=\"M21 10C21 17 12 23 12 23C12 23 3 17 3 10C3 7.61305 3.94821 5.32387 5.63604 3.63604C7.32387 1.94821 9.61305 1 12 1C14.3869 1 16.6761 1.94821 18.364 3.63604C20.0518 5.32387 21 7.61305 21 10Z\" stroke=\"currentColor\" stroke-width=\"2\" stroke-linecap=\"round\" stroke-linejoin=\"round\"\/>\n                                    <path d=\"M12 13C13.6569 13 15 11.6569 15 10C15 8.34315 13.6569 7 12 7C10.3431 7 9 8.34315 9 10C9 11.6569 10.3431 13 12 13Z\" stroke=\"currentColor\" stroke-width=\"2\" stroke-linecap=\"round\" stroke-linejoin=\"round\"\/>\n                                <\/svg>\n                            <\/div>\n                            <div class=\"contact__info-content\">\n                                <h4 class=\"contact__info-title\">Adresa<\/h4>\n                                <p class=\"contact__info-text\">VAHIDBEGOVA BB, 79260 Sanski Most, Bosna i Hercegovina<\/p>\n                            <\/div>\n                        <\/div>\n                    \n                                            <div class=\"contact__info-item\">\n                            <div class=\"contact__info-icon\">\n                                <svg width=\"24\" height=\"24\" viewBox=\"0 0 24 24\" fill=\"none\" xmlns=\"http:\/\/www.w3.org\/2000\/svg\">\n                                    <path d=\"M22 16.92V19.92C22.0011 20.1985 21.9441 20.4742 21.8325 20.7294C21.7209 20.9845 21.5573 21.2136 21.3521 21.4019C21.1468 21.5901 20.9046 21.7335 20.6407 21.8227C20.3769 21.9119 20.0974 21.9451 19.82 21.92C16.7428 21.5856 13.787 20.5341 11.19 18.85C8.77382 17.3147 6.72533 15.2662 5.18999 12.85C3.49997 10.2412 2.44824 7.27099 2.11999 4.18C2.09501 3.90347 2.12787 3.62476 2.2165 3.36162C2.30513 3.09849 2.44756 2.85669 2.63476 2.65162C2.82196 2.44655 3.0498 2.28271 3.30379 2.17052C3.55777 2.05833 3.83233 2.00026 4.10999 2H7.10999C7.5953 1.99522 8.06579 2.16708 8.43376 2.48353C8.80173 2.79999 9.04207 3.23945 9.10999 3.72C9.23662 4.68007 9.47144 5.62273 9.80999 6.53C9.94454 6.88792 9.97366 7.27691 9.8939 7.65088C9.81415 8.02485 9.62886 8.36811 9.35999 8.64L8.08999 9.91C9.51355 12.4135 11.5864 14.4864 14.09 15.91L15.36 14.64C15.6319 14.3711 15.9751 14.1858 16.3491 14.1061C16.7231 14.0263 17.1121 14.0555 17.47 14.19C18.3773 14.5286 19.3199 14.7634 20.28 14.89C20.7658 14.9585 21.2094 15.2032 21.5265 15.5775C21.8437 15.9518 22.0122 16.4296 22 16.92Z\" stroke=\"currentColor\" stroke-width=\"2\" stroke-linecap=\"round\" stroke-linejoin=\"round\"\/>\n                                <\/svg>\n                            <\/div>\n                            <div class=\"contact__info-content\">\n                                <h4 class=\"contact__info-title\">Telefon<\/h4>\n                                <a href=\"tel:+3870685516+3870684565\" class=\"contact__info-link\"> +387 (0) 685 516 \/ +387 (0) 684 565<\/a>\n                            <\/div>\n                        <\/div>\n                    \n                                            <div class=\"contact__info-item\">\n                            <div class=\"contact__info-icon\">\n                                <svg width=\"24\" height=\"24\" viewBox=\"0 0 24 24\" fill=\"none\" xmlns=\"http:\/\/www.w3.org\/2000\/svg\">\n                                    <path d=\"M4 4H20C21.1 4 22 4.9 22 6V18C22 19.1 21.1 20 20 20H4C2.9 20 2 19.1 2 18V6C2 4.9 2.9 4 4 4Z\" stroke=\"currentColor\" stroke-width=\"2\" stroke-linecap=\"round\" stroke-linejoin=\"round\"\/>\n                                    <path d=\"M22 6L12 13L2 6\" stroke=\"currentColor\" stroke-width=\"2\" stroke-linecap=\"round\" stroke-linejoin=\"round\"\/>\n                                <\/svg>\n                            <\/div>\n                            <div class=\"contact__info-content\">\n                                <h4 class=\"contact__info-title\">Email<\/h4>\n                                <a href=\"mailto:k.suza@bih.net.ba\" class=\"contact__info-link\">k.suza@bih.net.ba<\/a>\n                            <\/div>\n                        <\/div>\n                    \n                                            <div class=\"contact__info-item\">\n                            <div class=\"contact__info-icon\">\n                                <svg width=\"24\" height=\"24\" viewBox=\"0 0 24 24\" fill=\"none\" xmlns=\"http:\/\/www.w3.org\/2000\/svg\">\n                                    <circle cx=\"12\" cy=\"12\" r=\"10\" stroke=\"currentColor\" stroke-width=\"2\" stroke-linecap=\"round\" stroke-linejoin=\"round\"\/>\n                                    <path d=\"M12 6V12L16 14\" stroke=\"currentColor\" stroke-width=\"2\" stroke-linecap=\"round\" stroke-linejoin=\"round\"\/>\n                                <\/svg>\n                            <\/div>\n                            <div class=\"contact__info-content\">\n                                <h4 class=\"contact__info-title\">Radno vrijeme<\/h4>\n                                <p class=\"contact__info-text\">Ponedjeljak &#8211; petak 08:00 &#8211; 14:00<\/p>\n                            <\/div>\n                        <\/div>\n                                    <\/div>\n\n                            <\/div>\n\n                            <div class=\"contact__form\">\n                    <div class=\"contact__form-wrapper\">\n                        <h3 class=\"contact__form-title\">Po\u0161aljite nam poruku<\/h3>\n                        \n<div class=\"wpcf7 no-js\" id=\"wpcf7-f7-o1\" lang=\"bs-BA\" dir=\"ltr\" data-wpcf7-id=\"7\">\n<div class=\"screen-reader-response\"><p role=\"status\" aria-live=\"polite\" aria-atomic=\"true\"><\/p> <ul><\/ul><\/div>\n<form action=\"\/index.php\/wp-json\/wp\/v2\/pages\/22#wpcf7-f7-o1\" method=\"post\" class=\"wpcf7-form init\" aria-label=\"Kontakt obrazac\" novalidate=\"novalidate\" data-status=\"init\">\n<fieldset class=\"hidden-fields-container\"><input type=\"hidden\" name=\"_wpcf7\" value=\"7\" \/><input type=\"hidden\" name=\"_wpcf7_version\" value=\"6.1.5\" \/><input type=\"hidden\" name=\"_wpcf7_locale\" value=\"bs_BA\" \/><input type=\"hidden\" name=\"_wpcf7_unit_tag\" value=\"wpcf7-f7-o1\" \/><input type=\"hidden\" name=\"_wpcf7_container_post\" value=\"0\" \/><input type=\"hidden\" name=\"_wpcf7_posted_data_hash\" value=\"\" \/>\n<\/fieldset>\n<p><label> Va\u0161e ime<br \/>\n<span class=\"wpcf7-form-control-wrap\" data-name=\"your-name\"><input size=\"40\" maxlength=\"400\" class=\"wpcf7-form-control wpcf7-text wpcf7-validates-as-required\" autocomplete=\"name\" aria-required=\"true\" aria-invalid=\"false\" value=\"\" type=\"text\" name=\"your-name\" \/><\/span> <\/label>\n<\/p>\n<p><label> Va\u0161 e-mail<br \/>\n<span class=\"wpcf7-form-control-wrap\" data-name=\"your-email\"><input size=\"40\" maxlength=\"400\" class=\"wpcf7-form-control wpcf7-email wpcf7-validates-as-required wpcf7-text wpcf7-validates-as-email\" autocomplete=\"email\" aria-required=\"true\" aria-invalid=\"false\" value=\"\" type=\"email\" name=\"your-email\" \/><\/span> <\/label>\n<\/p>\n<p><label> Predmet<br \/>\n<span class=\"wpcf7-form-control-wrap\" data-name=\"your-subject\"><input size=\"40\" maxlength=\"400\" class=\"wpcf7-form-control wpcf7-text wpcf7-validates-as-required\" aria-required=\"true\" aria-invalid=\"false\" value=\"\" type=\"text\" name=\"your-subject\" \/><\/span> <\/label>\n<\/p>\n<p><label> Va\u0161a poruka (neobavezno)<br \/>\n<span class=\"wpcf7-form-control-wrap\" data-name=\"your-message\"><textarea cols=\"40\" rows=\"10\" maxlength=\"2000\" class=\"wpcf7-form-control wpcf7-textarea\" aria-invalid=\"false\" name=\"your-message\"><\/textarea><\/span> <\/label>\n<\/p>\n<p><input class=\"wpcf7-form-control wpcf7-submit has-spinner\" type=\"submit\" value=\"Po\u0161alji\" \/>\n<\/p><div class=\"wpcf7-response-output\" aria-hidden=\"true\"><\/div>\n<\/form>\n<\/div>\n                    <\/div>\n                <\/div>\n                    <\/div>\n    <\/div>\n<\/section>\n","protected":false},"excerpt":{"rendered":"","protected":false},"author":1,"featured_media":0,"parent":0,"menu_order":0,"comment_status":"closed","ping_status":"closed","template":"","meta":{"_acf_changed":false,"footnotes":""},"class_list":["post-22","page","type-page","status-publish","hentry"],"acf":[],"yoast_head":"<!-- This site is optimized with the Yoast SEO plugin v26.9 - https:\/\/yoast.com\/product\/yoast-seo-wordpress\/ -->\n<title>Kraji\u0161ka suza - Kontaktirajte Kraji\u0161ku suzu<\/title>\n<meta name=\"description\" content=\"Kontaktirajte Kraji\u0161ku suzu - humanitarnu organizaciju iz Sanskog Mosta. Telefon, email, adresa i obrazac za prijavu volontera ili korisnika.\" \/>\n<meta name=\"robots\" content=\"index, follow, max-snippet:-1, max-image-preview:large, max-video-preview:-1\" \/>\n<link rel=\"canonical\" href=\"https:\/\/ksuza.ba\/index.php\/kontakt\/\" \/>\n<meta property=\"og:locale\" content=\"bs_BA\" \/>\n<meta property=\"og:type\" content=\"article\" \/>\n<meta property=\"og:title\" content=\"Kraji\u0161ka suza - Kontaktirajte Kraji\u0161ku suzu\" \/>\n<meta property=\"og:description\" content=\"Kontaktirajte Kraji\u0161ku suzu - humanitarnu organizaciju iz Sanskog Mosta. Telefon, email, adresa i obrazac za prijavu volontera ili korisnika.\" \/>\n<meta property=\"og:url\" content=\"https:\/\/ksuza.ba\/index.php\/kontakt\/\" \/>\n<meta property=\"og:site_name\" content=\"Kraji\u0161ka suza\" \/>\n<meta property=\"article:modified_time\" content=\"2026-02-06T08:26:36+00:00\" \/>\n<meta name=\"twitter:card\" content=\"summary_large_image\" \/>\n<script type=\"application\/ld+json\" class=\"yoast-schema-graph\">{\"@context\":\"https:\/\/schema.org\",\"@graph\":[{\"@type\":\"WebPage\",\"@id\":\"https:\/\/ksuza.ba\/index.php\/kontakt\/\",\"url\":\"https:\/\/ksuza.ba\/index.php\/kontakt\/\",\"name\":\"Kraji\u0161ka suza - Kontaktirajte Kraji\u0161ku suzu\",\"isPartOf\":{\"@id\":\"https:\/\/ksuza.ba\/#website\"},\"datePublished\":\"2026-02-02T07:32:50+00:00\",\"dateModified\":\"2026-02-06T08:26:36+00:00\",\"description\":\"Kontaktirajte Kraji\u0161ku suzu - humanitarnu organizaciju iz Sanskog Mosta. Telefon, email, adresa i obrazac za prijavu volontera ili korisnika.\",\"breadcrumb\":{\"@id\":\"https:\/\/ksuza.ba\/index.php\/kontakt\/#breadcrumb\"},\"inLanguage\":\"bs-BA\",\"potentialAction\":[{\"@type\":\"ReadAction\",\"target\":[\"https:\/\/ksuza.ba\/index.php\/kontakt\/\"]}]},{\"@type\":\"BreadcrumbList\",\"@id\":\"https:\/\/ksuza.ba\/index.php\/kontakt\/#breadcrumb\",\"itemListElement\":[{\"@type\":\"ListItem\",\"position\":1,\"name\":\"Home\",\"item\":\"https:\/\/ksuza.ba\/\"},{\"@type\":\"ListItem\",\"position\":2,\"name\":\"Kontakt\"}]},{\"@type\":\"WebSite\",\"@id\":\"https:\/\/ksuza.ba\/#website\",\"url\":\"https:\/\/ksuza.ba\/\",\"name\":\"Kraji\u0161ka suza\",\"description\":\"\",\"publisher\":{\"@id\":\"https:\/\/ksuza.ba\/#organization\"},\"potentialAction\":[{\"@type\":\"SearchAction\",\"target\":{\"@type\":\"EntryPoint\",\"urlTemplate\":\"https:\/\/ksuza.ba\/?s={search_term_string}\"},\"query-input\":{\"@type\":\"PropertyValueSpecification\",\"valueRequired\":true,\"valueName\":\"search_term_string\"}}],\"inLanguage\":\"bs-BA\"},{\"@type\":\"Organization\",\"@id\":\"https:\/\/ksuza.ba\/#organization\",\"name\":\"Kraji\u0161ka suza\",\"url\":\"https:\/\/ksuza.ba\/\",\"logo\":{\"@type\":\"ImageObject\",\"inLanguage\":\"bs-BA\",\"@id\":\"https:\/\/ksuza.ba\/#\/schema\/logo\/image\/\",\"url\":\"https:\/\/ksuza.ba\/wp-content\/uploads\/2026\/02\/beautiful-green-field-with-amazing-cloudy-white-sky-scaled.jpg\",\"contentUrl\":\"https:\/\/ksuza.ba\/wp-content\/uploads\/2026\/02\/beautiful-green-field-with-amazing-cloudy-white-sky-scaled.jpg\",\"width\":2560,\"height\":1713,\"caption\":\"Kraji\u0161ka suza\"},\"image\":{\"@id\":\"https:\/\/ksuza.ba\/#\/schema\/logo\/image\/\"}}]}<\/script>\n<!-- \/ Yoast SEO plugin. -->","yoast_head_json":{"title":"Kraji\u0161ka suza - Kontaktirajte Kraji\u0161ku suzu","description":"Kontaktirajte Kraji\u0161ku suzu - humanitarnu organizaciju iz Sanskog Mosta. Telefon, email, adresa i obrazac za prijavu volontera ili korisnika.","robots":{"index":"index","follow":"follow","max-snippet":"max-snippet:-1","max-image-preview":"max-image-preview:large","max-video-preview":"max-video-preview:-1"},"canonical":"https:\/\/ksuza.ba\/index.php\/kontakt\/","og_locale":"bs_BA","og_type":"article","og_title":"Kraji\u0161ka suza - Kontaktirajte Kraji\u0161ku suzu","og_description":"Kontaktirajte Kraji\u0161ku suzu - humanitarnu organizaciju iz Sanskog Mosta. Telefon, email, adresa i obrazac za prijavu volontera ili korisnika.","og_url":"https:\/\/ksuza.ba\/index.php\/kontakt\/","og_site_name":"Kraji\u0161ka suza","article_modified_time":"2026-02-06T08:26:36+00:00","twitter_card":"summary_large_image","schema":{"@context":"https:\/\/schema.org","@graph":[{"@type":"WebPage","@id":"https:\/\/ksuza.ba\/index.php\/kontakt\/","url":"https:\/\/ksuza.ba\/index.php\/kontakt\/","name":"Kraji\u0161ka suza - Kontaktirajte Kraji\u0161ku suzu","isPartOf":{"@id":"https:\/\/ksuza.ba\/#website"},"datePublished":"2026-02-02T07:32:50+00:00","dateModified":"2026-02-06T08:26:36+00:00","description":"Kontaktirajte Kraji\u0161ku suzu - humanitarnu organizaciju iz Sanskog Mosta. Telefon, email, adresa i obrazac za prijavu volontera ili korisnika.","breadcrumb":{"@id":"https:\/\/ksuza.ba\/index.php\/kontakt\/#breadcrumb"},"inLanguage":"bs-BA","potentialAction":[{"@type":"ReadAction","target":["https:\/\/ksuza.ba\/index.php\/kontakt\/"]}]},{"@type":"BreadcrumbList","@id":"https:\/\/ksuza.ba\/index.php\/kontakt\/#breadcrumb","itemListElement":[{"@type":"ListItem","position":1,"name":"Home","item":"https:\/\/ksuza.ba\/"},{"@type":"ListItem","position":2,"name":"Kontakt"}]},{"@type":"WebSite","@id":"https:\/\/ksuza.ba\/#website","url":"https:\/\/ksuza.ba\/","name":"Kraji\u0161ka suza","description":"","publisher":{"@id":"https:\/\/ksuza.ba\/#organization"},"potentialAction":[{"@type":"SearchAction","target":{"@type":"EntryPoint","urlTemplate":"https:\/\/ksuza.ba\/?s={search_term_string}"},"query-input":{"@type":"PropertyValueSpecification","valueRequired":true,"valueName":"search_term_string"}}],"inLanguage":"bs-BA"},{"@type":"Organization","@id":"https:\/\/ksuza.ba\/#organization","name":"Kraji\u0161ka suza","url":"https:\/\/ksuza.ba\/","logo":{"@type":"ImageObject","inLanguage":"bs-BA","@id":"https:\/\/ksuza.ba\/#\/schema\/logo\/image\/","url":"https:\/\/ksuza.ba\/wp-content\/uploads\/2026\/02\/beautiful-green-field-with-amazing-cloudy-white-sky-scaled.jpg","contentUrl":"https:\/\/ksuza.ba\/wp-content\/uploads\/2026\/02\/beautiful-green-field-with-amazing-cloudy-white-sky-scaled.jpg","width":2560,"height":1713,"caption":"Kraji\u0161ka suza"},"image":{"@id":"https:\/\/ksuza.ba\/#\/schema\/logo\/image\/"}}]}},"_links":{"self":[{"href":"https:\/\/ksuza.ba\/index.php\/wp-json\/wp\/v2\/pages\/22","targetHints":{"allow":["GET"]}}],"collection":[{"href":"https:\/\/ksuza.ba\/index.php\/wp-json\/wp\/v2\/pages"}],"about":[{"href":"https:\/\/ksuza.ba\/index.php\/wp-json\/wp\/v2\/types\/page"}],"author":[{"embeddable":true,"href":"https:\/\/ksuza.ba\/index.php\/wp-json\/wp\/v2\/users\/1"}],"replies":[{"embeddable":true,"href":"https:\/\/ksuza.ba\/index.php\/wp-json\/wp\/v2\/comments?post=22"}],"version-history":[{"count":3,"href":"https:\/\/ksuza.ba\/index.php\/wp-json\/wp\/v2\/pages\/22\/revisions"}],"predecessor-version":[{"id":325,"href":"https:\/\/ksuza.ba\/index.php\/wp-json\/wp\/v2\/pages\/22\/revisions\/325"}],"wp:attachment":[{"href":"https:\/\/ksuza.ba\/index.php\/wp-json\/wp\/v2\/media?parent=22"}],"curies":[{"name":"wp","href":"https:\/\/api.w.org\/{rel}","templated":true}]}}